{"id":254,"date":"2016-11-09T23:35:36","date_gmt":"2016-11-09T23:35:36","guid":{"rendered":"https:\/\/oceanwp.org\/architect\/?page_id=254"},"modified":"2020-02-28T16:10:07","modified_gmt":"2020-02-28T16:10:07","slug":"contact-me","status":"publish","type":"page","link":"https:\/\/propuesta5.msrtecnologia.com.mx\/index.php\/contact-me\/","title":{"rendered":"Contacto"},"content":{"rendered":"\t\t<div data-elementor-type=\"wp-page\" data-elementor-id=\"254\" class=\"elementor elementor-254\" data-elementor-settings=\"[]\">\n\t\t\t<div class=\"elementor-inner\">\n\t\t\t\t<div class=\"elementor-section-wrap\">\n\t\t\t\t\t\t\t<section class=\"elementor-element elementor-element-mnovqaf elementor-section-boxed elementor-section-height-default elementor-section-height-default elementor-section elementor-top-section\" data-id=\"mnovqaf\" data-element_type=\"section\">\n\t\t\t\t\t\t<div class=\"elementor-container elementor-column-gap-default\">\n\t\t\t\t<div class=\"elementor-row\">\n\t\t\t\t<div class=\"elementor-element elementor-element-qlm846x elementor-column elementor-col-20 elementor-top-column\" data-id=\"qlm846x\" data-element_type=\"column\">\n\t\t\t<div class=\"elementor-column-wrap\">\n\t\t\t\t\t<div class=\"elementor-widget-wrap\">\n\t\t\t\t\t\t<\/div>\n\t\t\t<\/div>\n\t\t<\/div>\n\t\t\t\t<div class=\"elementor-element elementor-element-fgkbu9q elementor-column elementor-col-20 elementor-top-column\" data-id=\"fgkbu9q\" data-element_type=\"column\">\n\t\t\t<div class=\"elementor-column-wrap  elementor-element-populated\">\n\t\t\t\t\t<div class=\"elementor-widget-wrap\">\n\t\t\t\t<div class=\"elementor-element elementor-element-w4bk3o0 elementor-view-default elementor-position-top elementor-vertical-align-top elementor-widget elementor-widget-icon-box\" data-id=\"w4bk3o0\" data-element_type=\"widget\" data-widget_type=\"icon-box.default\">\n\t\t\t\t<div class=\"elementor-widget-container\">\n\t\t\t\t\t<div class=\"elementor-icon-box-wrapper\">\n\t\t\t\t\t\t<div class=\"elementor-icon-box-icon\">\n\t\t\t\t<span class=\"elementor-icon elementor-animation-\" >\n\t\t\t\t<svg xmlns=\"http:\/\/www.w3.org\/2000\/svg\" height=\"512\" viewBox=\"0 0 64 64\" width=\"512\"><ellipse cx=\"51\" cy=\"58.5\" fill=\"#d80027\" rx=\"7\" ry=\"2.5\"><\/ellipse><path d=\"m52.07 17.72-.07.28v37h-44v-37l-.07-.28 22.07-5.72z\" fill=\"#e0e0e2\"><\/path><path d=\"m57 13v6l-27-7-27 7v-6l27-7z\" fill=\"#ffda44\"><\/path><path d=\"m30 39h7v16h-7z\" fill=\"#c0ab91\"><\/path><path d=\"m23 39h7v16h-7z\" fill=\"#b39a7c\"><\/path><path d=\"m24 28v5h-10v-5a5 5 0 1 1 10 0z\" fill=\"#2488ff\"><\/path><path d=\"m46 28v4.34a8.517 8.517 0 0 0 -.99.66h-9.01v-5a5 5 0 1 1 10 0z\" fill=\"#2488ff\"><\/path><path d=\"m61 41c0 4.12-5.57 11.56-8.4 15.07-.96 1.19-1.6 1.93-1.6 1.93s-.64-.74-1.6-1.93c-.26-.32-.55-.68-.85-1.07-2.96-3.79-7.55-10.26-7.55-14a9.985 9.985 0 0 1 4.01-8 8.517 8.517 0 0 1 .99-.66 9.966 9.966 0 0 1 5-1.34c.34 0 .67.02 1 .05a10.006 10.006 0 0 1 9 9.95z\" fill=\"#ff5023\"><\/path><circle cx=\"51\" cy=\"41\" fill=\"#ffda44\" r=\"4\"><\/circle><path d=\"m46 41a5 5 0 1 0 5-5 5.006 5.006 0 0 0 -5 5zm8 0a3 3 0 1 1 -3-3 3 3 0 0 1 3 3z\"><\/path><path d=\"m54.48 55.31c3.04-3.92 7.52-10.37 7.52-14.31a11.021 11.021 0 0 0 -9-10.81v-11.19l3.75.97a1.068 1.068 0 0 0 .25.03 1 1 0 0 0 1-1v-6a1 1 0 0 0 -.75-.97l-27-7a1.057 1.057 0 0 0 -.5 0l-27 7a1 1 0 0 0 -.75.97v6a.985.985 0 0 0 .39.79 1.015 1.015 0 0 0 .86.18l3.75-.97v36a1 1 0 0 0 1 1h37.18c-1.28.56-2.18 1.38-2.18 2.5 0 2.4 4.15 3.5 8 3.5s8-1.1 8-3.5c0-1.73-2.11-2.73-4.52-3.19zm5.52-14.31c0 3.87-5.93 11.77-9 15.46-3.07-3.69-9-11.59-9-15.46a9 9 0 0 1 18 0zm-23-9v-4a4.009 4.009 0 0 1 6.83-2.84 4.045 4.045 0 0 1 1.17 2.84v3.79l-.3.21zm-33-14.29v-3.94l26-6.74 26 6.74v3.94l-25.75-6.68a1.057 1.057 0 0 0 -.5 0zm25 36.29h-5v-14h5zm7 0h-5v-14h5zm2 0v-15a1 1 0 0 0 -1-1h-14a1 1 0 0 0 -1 1v15h-13v-35.52l21-5.45 21 5.45v11.52a11.072 11.072 0 0 0 -4 .76v-2.76a6 6 0 0 0 -12 0v4h-1v2h8.52a10.958 10.958 0 0 0 -2.52 7c0 3.52 3.59 9.06 6.52 13zm13 6c-3.84 0-5.88-1.1-6-1.48.09-.31 1.37-1.1 3.96-1.4.71.88 1.2 1.44 1.29 1.54a1 1 0 0 0 1.5 0c.09-.1.58-.66 1.29-1.54 2.59.3 3.87 1.09 3.96 1.36-.12.42-2.16 1.52-6 1.52z\"><\/path><path d=\"m26 46h2v2h-2z\"><\/path><path d=\"m32 46h2v2h-2z\"><\/path><path d=\"m25 32v-4a6 6 0 0 0 -12 0v4h-1v2h14v-2zm-2 0h-8v-4a4 4 0 0 1 8 0z\"><\/path><\/svg>\t\t\t\t<\/span>\n\t\t\t<\/div>\n\t\t\t\t\t\t<div class=\"elementor-icon-box-content\">\n\t\t\t\t<h3 class=\"elementor-icon-box-title\">\n\t\t\t\t\t<span >DIRECCI\u00d3N<\/span>\n\t\t\t\t<\/h3>\n\t\t\t\t\t\t\t\t<p class=\"elementor-icon-box-description\">Calzada la viga #376, Col Jamaica. Alc. Venustiano Carranza. Ciudad de m\u00e9xico, M\u00e9xico.<\/p>\n\t\t\t\t\t\t\t<\/div>\n\t\t<\/div>\n\t\t\t\t<\/div>\n\t\t\t\t<\/div>\n\t\t\t\t\t\t<\/div>\n\t\t\t<\/div>\n\t\t<\/div>\n\t\t\t\t<div class=\"elementor-element elementor-element-ge8hsmm elementor-column elementor-col-20 elementor-top-column\" data-id=\"ge8hsmm\" data-element_type=\"column\">\n\t\t\t<div class=\"elementor-column-wrap  elementor-element-populated\">\n\t\t\t\t\t<div class=\"elementor-widget-wrap\">\n\t\t\t\t<div class=\"elementor-element elementor-element-d7430vq elementor-view-default elementor-position-top elementor-vertical-align-top elementor-widget elementor-widget-icon-box\" data-id=\"d7430vq\" data-element_type=\"widget\" data-widget_type=\"icon-box.default\">\n\t\t\t\t<div class=\"elementor-widget-container\">\n\t\t\t\t\t<div class=\"elementor-icon-box-wrapper\">\n\t\t\t\t\t\t<div class=\"elementor-icon-box-icon\">\n\t\t\t\t<span class=\"elementor-icon elementor-animation-\" >\n\t\t\t\t<svg xmlns=\"http:\/\/www.w3.org\/2000\/svg\" height=\"512\" viewBox=\"0 0 64 64\" width=\"512\"><g fill=\"#57a4ff\"><path d=\"m49 6v2h-34v-2a4 4 0 0 1 4-4h26a4 4 0 0 1 4 4z\"><\/path><path d=\"m15 52v6a4 4 0 0 0 4 4h26a4 4 0 0 0 4-4v-6zm17 7a2 2 0 1 1 2-2 2.006 2.006 0 0 1 -2 2z\"><\/path><circle cx=\"32\" cy=\"57\" r=\"2\"><\/circle><circle cx=\"32\" cy=\"57\" r=\"2\"><\/circle><\/g><path d=\"m45 1h-26a5.006 5.006 0 0 0 -5 5v52a5.006 5.006 0 0 0 5 5h26a5.006 5.006 0 0 0 5-5v-52a5.006 5.006 0 0 0 -5-5zm-29 8h32v42h-32zm0-3a3 3 0 0 1 3-3h26a3 3 0 0 1 3 3v1h-32zm32 52a3 3 0 0 1 -3 3h-26a3 3 0 0 1 -3-3v-5h32z\" fill=\"#004fac\"><\/path><path d=\"m32 60a3 3 0 1 0 -3-3 3 3 0 0 0 3 3zm0-4a1 1 0 1 1 -1 1 1 1 0 0 1 1-1z\" fill=\"#004fac\"><\/path><path d=\"m37 4h-10a1 1 0 0 0 0 2h10a1 1 0 0 0 0-2z\" fill=\"#004fac\"><\/path><path d=\"m41 4h-1a1 1 0 0 0 0 2h1a1 1 0 0 0 0-2z\" fill=\"#004fac\"><\/path><\/svg>\t\t\t\t<\/span>\n\t\t\t<\/div>\n\t\t\t\t\t\t<div class=\"elementor-icon-box-content\">\n\t\t\t\t<h3 class=\"elementor-icon-box-title\">\n\t\t\t\t\t<span >Tel\u00e9fono<\/span>\n\t\t\t\t<\/h3>\n\t\t\t\t\t\t\t\t<p class=\"elementor-icon-box-description\">55 44-04-72-22<br>57-23-93-00 ext. 19042<\/p>\n\t\t\t\t\t\t\t<\/div>\n\t\t<\/div>\n\t\t\t\t<\/div>\n\t\t\t\t<\/div>\n\t\t\t\t\t\t<\/div>\n\t\t\t<\/div>\n\t\t<\/div>\n\t\t\t\t<div class=\"elementor-element elementor-element-zprycva elementor-column elementor-col-20 elementor-top-column\" data-id=\"zprycva\" data-element_type=\"column\">\n\t\t\t<div class=\"elementor-column-wrap  elementor-element-populated\">\n\t\t\t\t\t<div class=\"elementor-widget-wrap\">\n\t\t\t\t<div class=\"elementor-element elementor-element-fs01694 elementor-view-default elementor-position-top elementor-vertical-align-top elementor-widget elementor-widget-icon-box\" data-id=\"fs01694\" data-element_type=\"widget\" data-widget_type=\"icon-box.default\">\n\t\t\t\t<div class=\"elementor-widget-container\">\n\t\t\t\t\t<div class=\"elementor-icon-box-wrapper\">\n\t\t\t\t\t\t<div class=\"elementor-icon-box-icon\">\n\t\t\t\t<span class=\"elementor-icon elementor-animation-\" >\n\t\t\t\t<svg xmlns=\"http:\/\/www.w3.org\/2000\/svg\" height=\"392pt\" viewBox=\"0 -7 392.00011 392\" width=\"392pt\"><path d=\"m320.410156 201.140625 65.589844-40.371094v185.460938c.007812 7.03125-2.789062 13.777343-7.769531 18.738281l-.179688-.179688-146.699219-108.347656-.210937-.351562zm0 0\" fill=\"#f8ec7d\"><\/path><path d=\"m386 160.769531-65.589844 40.371094v-87.53125zm0 0\" fill=\"#e48e66\"><\/path><path d=\"m378.050781 364.789062.179688.179688c-4.964844 4.984375-11.714844 7.78125-18.75 7.769531h-326.960938c-7.128906.011719-13.960937-2.863281-18.9375-7.96875l147.066407-108.78125.042968-.070312 21.398438 13.210937c8.527344 5.261719 19.292968 5.269532 27.832031.019532l21.21875-13.058594.210937.351562zm0 0\" fill=\"#e48e66\"><\/path><path d=\"m108.199219 77.238281h190.980469c11.726562 0 21.230468 9.507813 21.230468 21.230469v102.671875l-89.269531 54.949219-21.21875 13.058594c-8.539063 5.25-19.304687 5.242187-27.832031-.019532l-21.398438-13.210937-89.101562-54.976563v-102.472656c0-11.722656 9.503906-21.230469 21.230468-21.230469zm0 0\" fill=\"#6fe3ff\"><\/path><path d=\"m286.390625 77.238281h-178.191406l87.800781-71.238281zm0 0\" fill=\"#e48e66\"><\/path><path d=\"m71.589844 200.941406 89.101562 54.976563-.042968.070312-147.066407 108.78125c-4.871093-4.941406-7.59375-11.601562-7.582031-18.539062v-185.460938h.488281zm0 0\" fill=\"#f8ec7d\"><\/path><path d=\"m71.589844 104.859375v96.082031l-65.101563-40.171875h-.269531v-.859375zm0 0\" fill=\"#e48e66\"><\/path><g fill=\"#63316d\"><path d=\"m391.953125 160.085938c-.007813-.0625-.011719-.125-.019531-.1875-.035156-.234376-.082032-.464844-.140625-.691407-.011719-.035156-.023438-.070312-.035157-.101562-.054687-.199219-.121093-.390625-.199218-.582031-.023438-.058594-.046875-.113282-.070313-.171876-.082031-.1875-.175781-.371093-.277343-.550781-.015626-.027343-.03125-.058593-.046876-.089843-.125-.210938-.265624-.414063-.414062-.605469-.023438-.027344-.046875-.054688-.070312-.082031-.125-.160157-.257813-.308594-.398438-.453126-.050781-.050781-.101562-.101562-.152344-.148437-.128906-.125-.265625-.238281-.40625-.351563-.054687-.042968-.105468-.085937-.160156-.128906-.019531-.011718-.035156-.027344-.054688-.042968l-63.097656-45.363282v-12.066406c-.015625-15.03125-12.199218-27.210938-27.230468-27.230469h-10.710938l-88.753906-69.949219c-2.203125-1.738281-5.316406-1.714843-7.496094.050782l-86.148438 69.902344h-13.25c-15.03125.015624-27.214843 12.195312-27.230468 27.226562v3.601562l-63.234375 53.25.363281.429688c-1.695312 1.105469-2.71875 2.996094-2.71875 5.019531v185.460938c-.0234375 8.417969 3.25 16.515625 9.121094 22.554687.039062.042969.0625.089844.101562.132813.148438.160156.308594.308593.476563.453125 6.0625 6.027344 14.273437 9.398437 22.820312 9.367187h326.960938c17.953125-.003906 32.511719-14.554687 32.519531-32.507812v-185.460938c0-.039062-.007812-.074219-.007812-.113281-.003907-.1875-.015626-.378906-.039063-.570312zm-150.246094 96.542968 138.292969-85.121094v174.722657c.003906 3.667969-.988281 7.269531-2.867188 10.421875zm133.476563-96.246094-48.773438 30.019532v-65.085938zm-179.128906-146.703124 73.027343 57.558593h-143.964843zm-103.234376 69.558593h16.648438l.339844.421875.519531-.421875h173.980469l.300781.242188.191406-.242188h14.378907c8.40625.011719 15.222656 6.824219 15.230468 15.230469v13.308594c-.3125 1.085937-.3125 2.242187 0 3.332031v82.679687l-107.632812 66.25c-6.597656 4.082032-14.941406 4.078126-21.535156-.015624l-107.652344-66.429688v-89.945312l.15625-.132813-.15625-.1875v-8.859375c.007812-8.40625 6.824218-15.21875 15.230468-15.230469zm-78.074218 273.203125c-1.800782-3.101562-2.746094-6.625-2.746094-10.210937v-175.011719l138.019531 85.171875zm50.84375-166.253906-49.636719-30.628906 49.636719-41.800782zm-33.070313 176.550781c-3.046875.003907-6.058593-.679687-8.808593-2l137.308593-101.558593 17.921875 11.058593c10.445313 6.484375 23.667969 6.496094 34.121094.023438l17.625-10.851563 137.355469 101.445313c-2.6875 1.242187-5.605469 1.882812-8.5625 1.882812zm0 0\"><\/path><path d=\"m271.851562 172.679688h-26.832031c-3.3125 0-6 2.6875-6 6s2.6875 6 6 6h26.832031c3.3125 0 6-2.6875 6-6s-2.6875-6-6-6zm0 0\"><\/path><path d=\"m120.148438 184.679688h103.550781c3.316406 0 6-2.6875 6-6s-2.683594-6-6-6h-103.550781c-3.3125 0-6 2.6875-6 6s2.6875 6 6 6zm0 0\"><\/path><path d=\"m271.851562 202.679688h-56.832031c-3.3125 0-6 2.6875-6 6s2.6875 6 6 6h56.832031c3.3125 0 6-2.6875 6-6s-2.6875-6-6-6zm0 0\"><\/path><path d=\"m120.148438 214.679688h73.550781c3.316406 0 6-2.6875 6-6s-2.683594-6-6-6h-73.550781c-3.3125 0-6 2.6875-6 6s2.6875 6 6 6zm0 0\"><\/path><path d=\"m120.148438 124.679688h33.550781c3.316406 0 6-2.6875 6-6s-2.683594-6-6-6h-33.550781c-3.3125 0-6 2.6875-6 6s2.6875 6 6 6zm0 0\"><\/path><path d=\"m165.019531 154.679688h106.832031c3.3125 0 6-2.6875 6-6s-2.6875-6-6-6h-106.832031c-3.3125 0-6 2.6875-6 6s2.6875 6 6 6zm0 0\"><\/path><path d=\"m120.148438 154.679688h23.550781c3.316406 0 6-2.6875 6-6s-2.683594-6-6-6h-23.550781c-3.3125 0-6 2.6875-6 6s2.6875 6 6 6zm0 0\"><\/path><\/g><\/svg>\t\t\t\t<\/span>\n\t\t\t<\/div>\n\t\t\t\t\t\t<div class=\"elementor-icon-box-content\">\n\t\t\t\t<h2 class=\"elementor-icon-box-title\">\n\t\t\t\t\t<span >correo electr\u00f3nico<\/span>\n\t\t\t\t<\/h2>\n\t\t\t\t\t\t\t\t<p class=\"elementor-icon-box-description\"><a href=\"mailto:info@propuesta5.msrtecnologia.com.mx\">info@propuesta5.msrtecnologia.com.mx<\/p>\n\t\t\t\t\t\t\t<\/div>\n\t\t<\/div>\n\t\t\t\t<\/div>\n\t\t\t\t<\/div>\n\t\t\t\t\t\t<\/div>\n\t\t\t<\/div>\n\t\t<\/div>\n\t\t\t\t<div class=\"elementor-element elementor-element-vmdkz9w elementor-column elementor-col-20 elementor-top-column\" data-id=\"vmdkz9w\" data-element_type=\"column\">\n\t\t\t<div class=\"elementor-column-wrap\">\n\t\t\t\t\t<div class=\"elementor-widget-wrap\">\n\t\t\t\t\t\t<\/div>\n\t\t\t<\/div>\n\t\t<\/div>\n\t\t\t\t\t\t<\/div>\n\t\t\t<\/div>\n\t\t<\/section>\n\t\t\t\t<section class=\"elementor-element elementor-element-7pafapg elementor-section-boxed elementor-section-height-default elementor-section-height-default elementor-section elementor-top-section\" data-id=\"7pafapg\" data-element_type=\"section\">\n\t\t\t\t\t\t<div class=\"elementor-container elementor-column-gap-default\">\n\t\t\t\t<div class=\"elementor-row\">\n\t\t\t\t<div class=\"elementor-element elementor-element-atszix8 elementor-column elementor-col-50 elementor-top-column\" data-id=\"atszix8\" data-element_type=\"column\">\n\t\t\t<div class=\"elementor-column-wrap  elementor-element-populated\">\n\t\t\t\t\t<div class=\"elementor-widget-wrap\">\n\t\t\t\t<div class=\"elementor-element elementor-element-71e8885 elementor-widget elementor-widget-image\" data-id=\"71e8885\" data-element_type=\"widget\" data-widget_type=\"image.default\">\n\t\t\t\t<div class=\"elementor-widget-container\">\n\t\t\t\t\t<div class=\"elementor-image\">\n\t\t\t\t\t\t\t\t\t\t<img loading=\"lazy\" decoding=\"async\" width=\"1536\" height=\"1024\" src=\"https:\/\/propuesta5.msrtecnologia.com.mx\/wp-content\/uploads\/2020\/02\/marvin-meyer-SYTO3xs06fU-unsplash-1536x1024.jpg\" class=\"attachment-1536x1536 size-1536x1536\" alt=\"\" srcset=\"https:\/\/propuesta5.msrtecnologia.com.mx\/wp-content\/uploads\/2020\/02\/marvin-meyer-SYTO3xs06fU-unsplash-1536x1024.jpg 1536w, https:\/\/propuesta5.msrtecnologia.com.mx\/wp-content\/uploads\/2020\/02\/marvin-meyer-SYTO3xs06fU-unsplash-300x200.jpg 300w, https:\/\/propuesta5.msrtecnologia.com.mx\/wp-content\/uploads\/2020\/02\/marvin-meyer-SYTO3xs06fU-unsplash-1024x683.jpg 1024w, https:\/\/propuesta5.msrtecnologia.com.mx\/wp-content\/uploads\/2020\/02\/marvin-meyer-SYTO3xs06fU-unsplash-768x512.jpg 768w, https:\/\/propuesta5.msrtecnologia.com.mx\/wp-content\/uploads\/2020\/02\/marvin-meyer-SYTO3xs06fU-unsplash-2048x1365.jpg 2048w\" sizes=\"auto, (max-width: 1536px) 100vw, 1536px\" \/>\t\t\t\t\t\t\t\t\t\t\t<\/div>\n\t\t\t\t<\/div>\n\t\t\t\t<\/div>\n\t\t\t\t\t\t<\/div>\n\t\t\t<\/div>\n\t\t<\/div>\n\t\t\t\t<div class=\"elementor-element elementor-element-72rap22 elementor-column elementor-col-50 elementor-top-column\" data-id=\"72rap22\" data-element_type=\"column\">\n\t\t\t<div class=\"elementor-column-wrap  elementor-element-populated\">\n\t\t\t\t\t<div class=\"elementor-widget-wrap\">\n\t\t\t\t<div class=\"elementor-element elementor-element-6c885ad elementor-widget elementor-widget-google_maps\" data-id=\"6c885ad\" data-element_type=\"widget\" data-widget_type=\"google_maps.default\">\n\t\t\t\t<div class=\"elementor-widget-container\">\n\t\t\t<div class=\"elementor-custom-embed\"><iframe frameborder=\"0\" scrolling=\"no\" marginheight=\"0\" marginwidth=\"0\" src=\"https:\/\/maps.google.com\/maps?q=Calzada%20la%20viga%20376&amp;t=m&amp;z=15&amp;output=embed&amp;iwloc=near\" aria-label=\"Calzada la viga 376\"><\/iframe><\/div>\t\t<\/div>\n\t\t\t\t<\/div>\n\t\t\t\t\t\t<\/div>\n\t\t\t<\/div>\n\t\t<\/div>\n\t\t\t\t\t\t<\/div>\n\t\t\t<\/div>\n\t\t<\/section>\n\t\t\t\t\t\t<\/div>\n\t\t\t<\/div>\n\t\t<\/div>\n\t\t","protected":false},"excerpt":{"rendered":"<p>DIRECCI\u00d3N Calzada la viga #376, Col Jamaica. Alc. Venustiano Carranza. Ciudad de m\u00e9xico, M\u00e9xico. Tel\u00e9fono 55 44-04-72-2257-23-93-00 ext. 19042 correo electr\u00f3nico info@propuesta5.msrtecnologia.com.mx<\/p>\n","protected":false},"author":1,"featured_media":0,"parent":0,"menu_order":0,"comment_status":"closed","ping_status":"closed","template":"elementor_header_footer","meta":{"footnotes":""},"class_list":["post-254","page","type-page","status-publish","hentry","entry"],"_links":{"self":[{"href":"https:\/\/propuesta5.msrtecnologia.com.mx\/index.php\/wp-json\/wp\/v2\/pages\/254","targetHints":{"allow":["GET"]}}],"collection":[{"href":"https:\/\/propuesta5.msrtecnologia.com.mx\/index.php\/wp-json\/wp\/v2\/pages"}],"about":[{"href":"https:\/\/propuesta5.msrtecnologia.com.mx\/index.php\/wp-json\/wp\/v2\/types\/page"}],"author":[{"embeddable":true,"href":"https:\/\/propuesta5.msrtecnologia.com.mx\/index.php\/wp-json\/wp\/v2\/users\/1"}],"replies":[{"embeddable":true,"href":"https:\/\/propuesta5.msrtecnologia.com.mx\/index.php\/wp-json\/wp\/v2\/comments?post=254"}],"version-history":[{"count":6,"href":"https:\/\/propuesta5.msrtecnologia.com.mx\/index.php\/wp-json\/wp\/v2\/pages\/254\/revisions"}],"predecessor-version":[{"id":470,"href":"https:\/\/propuesta5.msrtecnologia.com.mx\/index.php\/wp-json\/wp\/v2\/pages\/254\/revisions\/470"}],"wp:attachment":[{"href":"https:\/\/propuesta5.msrtecnologia.com.mx\/index.php\/wp-json\/wp\/v2\/media?parent=254"}],"curies":[{"name":"wp","href":"https:\/\/api.w.org\/{rel}","templated":true}]}}